 Suppose -n*x - 4*t = -724, -3*x + 0*x + 436 = 4*t. What is the tens digit of x?
4
Let r(j) = 2*j**2 - 59*j + 330. What is the thousands digit of r(42)?
1
What is the units digit of (-4)/(-6) - (-2001)/9?
3
Let j(l) = 815*l**3 - 6*l**2 + 7*l - 2. What is the tens digit of j(1)?
1
What is the thousands digit of 2*(-3 + (-18636)/(-24))?
1
Let x(c) = 220*c**3 + 3*c**2 - 9*c + 7. What is the hundreds digit of x(1)?
2
Suppose -5*f - 3*a + 1666 = 0, 0 = -3*f - 2*f + 4*a + 1652. What is the units digit of f?
2
Let k = 726 + -487. Suppose -51 + k = 4*j. Suppose -2*w - 2*a = -90, 153 = 4*w - a - j. What is the tens digit of w?
4
Let c = -1062 + 2251. What is the hundreds digit of c?
1
Let z = -486 + -45. Let p = z - -765. What is the units digit of p?
4
Suppose 0 = g + 68 - 250. Let p = g + -31. What is the units digit of p?
1
Suppose -4*g = 5*l - 3, 7 = 2*g + l + 4. Suppose -g*h + 25 = t, -6*h + 37 = -4*h + 5*t. What is the tens digit of h?
1
Let y(u) = u**2 + 14*u + 15. Let g be y(-13). Let k(p) = -p - 11. Let x be k(-7). What is the units digit of x/((-12)/27) - g?
7
Let y be 0 + (-1 + (0 - -1))/4. Suppose y = -u + 3*x + 58 + 43, 4*x - 16 = 0. What is the hundreds digit of u?
1
Let y(b) = 34*b**2 - 11*b - 150. What is the tens digit of y(-8)?
1
Let b = -168 - -212. What is the units digit of b?
4
Suppose 437 - 3155 = 6*d. What is the tens digit of d/(-7) - ((-10)/(-14) + -1)?
6
Let g(a) = 141*a - 89. What is the tens digit of g(6)?
5
Let x = 32 + -27. Suppose x*s - 4*w - 6 - 27 = 0, 5*w = -s + 24. What is the units digit of s?
9
Let k = 2440 + -1053. What is the hundreds digit of k?
3
Suppose 4052 - 974 = 9*j. Suppose -5*p - 27 = -j. What is the units digit of p?
3
Let q(a) = -45*a + 7. Let m be q(-7). Suppose 3*t - t - m = 0. What is the units digit of t?
1
Suppose 4*c + 1 = -35. Let m(a) = -20*a + 6. What is the units digit of m(c)?
6
Let t(k) = 91*k - 218. What is the tens digit of t(26)?
4
What is the hundreds digit of (3445/(-10) - 5)*(-160)/12?
6
Suppose -3*h = 2*h - 4*k + 9, 0 = -h + 5*k - 6. What is the tens digit of 40/(-16)*(-9 + h)?
2
Suppose 3*h + p - 22 = 1, h - p - 9 = 0. What is the tens digit of 975/20 + 2/h?
4
Let s = 102 - 106. What is the tens digit of (3 - -1) + (0 - (-39 + s))?
4
Suppose -6 = -3*c, -2*c + 5 = l - 1. What is the units digit of (64/(-56))/(l/(-119))?
8
Let n(a) = a + 12. Let j be n(-10). Suppose -8 = j*z - 6*z. Let x = z - -3. What is the units digit of x?
5
Suppose -4*x - 4*o = 16, -x + 0*x = -4*o + 19. Suppose -9 = -4*l - 5*p, -3*l + 8*l = -p - 15. What is the units digit of l/(-14) - 250/x?
6
Let x(o) = -14*o**3 + 13*o**2 + 22*o + 90. What is the hundreds digit of x(-5)?
0
Suppose 3*l + 1 = 19. Suppose 0 = 3*h + l*h - 522. What is the units digit of h?
8
What is the tens digit of (2/8)/(28/60368)?
3
Suppose -6 = -0*t - 4*t + 2*p, t = -4*p + 6. Let b be 1*(0/(-3))/t. Suppose 4*h - m - 32 = b, -4*m + 23 = 5*h + 4. What is the units digit of h?
7
Let p(g) = -12*g - 11. Suppose 0 = 26*s - 15*s + 77. What is the units digit of p(s)?
3
Let b be -24 + 0 + 4 - 3. Let v = 25 + b. Suppose -5*p = 2*m - 121, 3*m - 73 = v*m - 5*p. What is the units digit of m?
8
Let p = 99 + 676. What is the units digit of p?
5
Let j(h) = 3*h**2 - 4*h + 4. Let z be (-117)/(-6)*8/(-12). Let c be (z - -9)*2/(-2). What is the tens digit of j(c)?
3
Let a(k) = -k - 1. Let t be a(-2). What is the units digit of (-918)/(-21) - (t - (-9)/(-7))?
4
Let p be 24/(2 - -2) + -1. Suppose 5*c = 0, 4*s + p*c - 40 = 3*s. Suppose -s = -g + 3. What is the units digit of g?
3
Suppose 4 = -2*z, -4*x - x - 4*z - 13 = 0. Let n = x + 26. Suppose -9*a = -4*a - n. What is the units digit of a?
5
Let r(m) = 3*m - 3. Let p be r(2). Suppose 0 = -p*t + 4 + 2. Suppose 0 = -t*q - 3*k + 43, 4*q = 3*q + 3*k + 44. What is the tens digit of q?
2
Let i(f) be the first derivative of -f**4/4 + 4*f**3 - 4*f**2 + 11*f - 11. What is the tens digit of i(11)?
4
Let w(v) = 4*v**2 - 10*v - 15. Let t(j) = -3*j**2 + 11*j + 16. Let s(d) = -5*t(d) - 4*w(d). What is the units digit of s(-9)?
4
Suppose 11*f = 23 - 1. Suppose 0 = f*z + 8, -z + 79 - 3 = 2*s. What is the units digit of s?
0
Let d(p) be the third derivative of -p**4/8 + 5*p**3/6 - 13*p**2. What is the tens digit of d(-8)?
2
Let s = -2799 + 4193. What is the tens digit of s?
9
Suppose -4*c = -9*c + 10. Let s(q) = 6*q + 4*q**2 + 2 + 6*q**c - 1 - 3*q. What is the tens digit of s(-2)?
3
Suppose 3*n - 2*p - 6 = 0, 15 = -2*n - 2*n - 5*p. Suppose -2*q - q + 975 = n. What is the units digit of q?
5
What is the tens digit of (((-1545)/(-2))/5)/(-3)*-14?
2
Let m = 13 - 7. Suppose -o + m*o - 2320 = 0. What is the units digit of (-4)/(-18) - o/(-18)?
6
Let b(s) = -11*s**2 - 13. Let o be b(-5). Let d = o + 436. What is the units digit of d?
8
What is the hundreds digit of (-4 - (-1 - -1)) + 560?
5
Let j(o) = 3*o**3 + o**2. Let y be j(-1). Let w(g) = -21*g - 7. What is the tens digit of w(y)?
3
Suppose -3 = -i - 134. Let k = i + 223. What is the tens digit of k?
9
Suppose 0 = 3*u + 3*q - 1596, 3*u = 2*u + q + 536. What is the tens digit of u?
3
Suppose 0 = -2*a + 2*q + 962, -3*a - q + 2393 = 2*a. What is the tens digit of a?
7
Suppose -2*k + 17*k - 8610 = 0. What is the hundreds digit of k?
5
Let r(h) = -h**2 - 7*h - 1. Let i be r(-6). Let y = 339 + -259. Suppose m + y = 4*m + i*k, 4*m - 2*k - 150 = 0. What is the tens digit of m?
3
Let o(c) = -21*c + 33. Let x be (36/10)/((-6)/20). What is the units digit of o(x)?
5
Let p be (9 - (-2624)/(-40)) + 6/10. What is the units digit of p/98 + 1604/14?
4
Suppose -5*o + 5*u = 1640, -3*o - u = -6*o - 982. Let r = o + 522. What is the tens digit of r?
9
Suppose h = -5*k - 155, 5*k + 5*h = 2*k - 115. Let v = k + 20. Let r = -1 - v. What is the units digit of r?
9
What is the thousands digit of ((-8649)/18)/((-4 - -2)/24)?
5
Suppose -5*h - 16763 = -3*u, u + 82*h = 81*h + 5601. What is the hundreds digit of u?
5
What is the units digit of (-156)/(-10)*(-1820)/(-39)?
8
Suppose -2*u - 5 = -3*m, -5*m = -2*u - 13 - 2. Suppose -u*l + 6 = n, -l + 24 = -n + 5*n. Let f(r) = 3*r + 2. What is the units digit of f(n)?
0
Let m(w) = -w. Let d be m(6). Let c = -22 - d. What is the tens digit of ((-8)/c)/((-2)/(-120))?
3
Let o = -77 - -193. What is the tens digit of o?
1
Let h be 20/11 + 2/11. Let c = h - -1. Suppose 4*t = c*d - d + 2, -2*d - 2*t = -22. What is the units digit of d?
7
Let y(z) = -517*z - 6. What is the tens digit of y(-3)?
4
Suppose -705 = -4*i + 635. What is the units digit of i?
5
Suppose 5*d - 2*y - 8 = 0, -4*y = d + 9 + 7. Suppose 4*i + 12 = d, -5*i - 52 = -4*x - 9*i. What is the units digit of x?
6
Let t be 8/((-64)/(-3)) - 3/8. Suppose 2*j = 4, -2*q + 0*j + 4*j - 4 = 0. Suppose -4*f + 2*p + 134 = -t*f, -p = q*f - 61. What is the tens digit of f?
3
What is the hundreds digit of (9 + 6)/(4/2064*9)?
8
Let g(l) be the third derivative of -l**5/120 + 5*l**4/24 - l**3/3 - 6*l**2. Let j(y) be the first derivative of g(y). What is the units digit of j(3)?
2
Let v(b) = -202*b + 178. What is the units digit of v(-6)?
0
Suppose 3*l + 5 = -1. Let g be (0*(-1)/3)/l. Suppose n - 3*n + 60 = g. What is the tens digit of n?
3
Let d = -56 + 152. What is the tens digit of (6 - d/15)/(1/(-155))?
6
Let f be (400/45)/5 + (-4)/(-18). What is the hundreds digit of 472/f + (-16)/2 + 5?
2
Suppose 6*f = -5*i + 3*f + 839, 4*i - 3*f = 655. Suppose -3*x = -4*x + 5, -3*t + i = -x. What is the tens digit of t?
5
Suppose 3*k + 4*w - 2256 = 0, -18*k = -22*k - 2*w + 2998. What is the units digit of k?
8
Let t(g) = -g**2 - g + 15. Let o be t(6). Let f = o + 123. What is the tens digit of f?
9
Suppose -j = -5*z + 15, 4*z = z + 5*j + 9. Suppose 240 = 3*p - z*k, -5*k + 6 = -4. What is the units digit of p?
2
Let d(h) = -h**2 + 16*h - 16. Let m be d(11). Suppose -7*v - m = -10*v. Suppose -v + 17 = 2*y. What is the units digit of y?
2
Suppose 4 = -n + 10. What is the hundreds digit of n/39 - (-3090)/26?
1
What is the units digit of 0/53 + (0 + 1 - -41)?
2
Suppose 0 = -5*c - 4*a + 2*a + 22, -2*c - 2*a + 10 = 0. Let j = 4 + c. Suppose -3*w + j*w = 85. What is the tens digit of w?
1
Let j(b) = -1 + 0 - 3 + 2 - b. Let u be j(-7). Suppose -6*y + y = -u*v - 20, -4*v - 14 = -2*y. What is the units digit of y?
1
What is the units digit of 44